 prime factors of 1975211?
7, 97, 2909
List the prime factors of 184868.
2, 113, 409
List the prime factors of 285242.
2, 127, 1123
What are the prime factors of 14064145?
5, 2812829
List the prime factors of 582640.
2, 5, 7283
What are the prime factors of 9781076?
2, 47, 52027
List the prime factors of 464751.
3, 7, 2459
What are the prime factors of 42100742?
2, 21050371
What are the prime factors of 1136104?
2, 29, 59, 83
What are the prime factors of 8781057?
3, 47, 20759
List the prime factors of 975624.
2, 3, 13, 53, 59
List the prime factors of 1908367.
1908367
What are the prime factors of 5766720?
2, 3, 5, 6007
What are the prime factors of 20636952?
2, 3, 7, 122839
What are the prime factors of 1552923?
3, 109, 1583
List the prime factors of 96953.
96953
List the prime factors of 4973588.
2, 17, 73141
What are the prime factors of 104015?
5, 71, 293
List the prime factors of 2151322.
2, 823, 1307
List the prime factors of 194033.
7, 53, 523
What are the prime factors of 55571?
61, 911
List the prime factors of 3169499.
61, 223, 233
List the prime factors of 194166.
2, 3, 7, 23, 67
List the prime factors of 15993783.
3, 13, 223, 613
List the prime factors of 3116112.
2, 3, 64919
List the prime factors of 401637.
3, 83, 1613
What are the prime factors of 513073?
11, 46643
List the prime factors of 10939905.
3, 5, 243109
List the prime factors of 9365818.
2, 7, 11, 61, 997
List the prime factors of 650851.
650851
What are the prime factors of 190548?
2, 3, 67, 79
What are the prime factors of 2960757?
3, 61, 5393
What are the prime factors of 4006421?
47, 85243
What are the prime factors of 417772?
2, 19, 23, 239
List the prime factors of 531258.
2, 3, 7, 13, 139
List the prime factors of 8567598.
2, 3, 13, 109841
What are the prime factors of 5011565?
5, 13, 77101
What are the prime factors of 1016724?
2, 3, 193, 439
What are the prime factors of 52444?
2, 7, 1873
List the prime factors of 563091.
3, 17, 61, 181
What are the prime factors of 89816?
2, 103, 109
List the prime factors of 1597541.
11, 17, 8543
List the prime factors of 1369056.
2, 3, 13, 1097
What are the prime factors of 103413?
3, 34471
List the prime factors of 1111328.
2, 34729
What are the prime factors of 368647?
368647
What are the prime factors of 5456170?
2, 5, 545617
What are the prime factors of 144623?
29, 4987
List the prime factors of 235108.
2, 53, 1109
List the prime factors of 175289.
59, 2971
What are the prime factors of 360142?
2, 180071
What are the prime factors of 543452?
2, 7, 13, 1493
List the prime factors of 192894.
2, 3, 13, 2473
List the prime factors of 288432.
2, 3, 2003
List the prime factors of 2184801.
3, 728267
What are the prime factors of 101074?
2, 97, 521
List the prime factors of 838926.
2, 3, 11, 19, 223
What are the prime factors of 70594?
2, 47, 751
List the prime factors of 8798000.
2, 5, 53, 83
What are the prime factors of 73722?
2, 3, 11, 1117
List the prime factors of 179109.
3, 7, 2843
What are the prime factors of 2218117?
11, 19, 10613
List the prime factors of 1146294.
2, 3, 43, 1481
What are the prime factors of 15804328?
2, 37, 107, 499
List the prime factors of 6176941.
6176941
List the prime factors of 9737801.
9737801
What are the prime factors of 125950?
2, 5, 11, 229
What are the prime factors of 14127516?
2, 3, 13, 30187
List the prime factors of 27438851.
11, 2494441
List the prime factors of 3144236.
2, 786059
What are the prime factors of 226582?
2, 193, 587
List the prime factors of 221918.
2, 17, 61, 107
List the prime factors of 2515890.
2, 3, 5, 13, 6451
List the prime factors of 192276.
2, 3, 7, 109
What are the prime factors of 2545657?
2545657
What are the prime factors of 20556629?
239, 86011
What are the prime factors of 2718210?
2, 3, 5, 11, 8237
List the prime factors of 5915318.
2, 2957659
What are the prime factors of 460428?
2, 3, 17, 37, 61
What are the prime factors of 1222995?
3, 5, 81533
What are the prime factors of 194935?
5, 13, 2999
What are the prime factors of 292210?
2, 5, 29221
List the prime factors of 1079098.
2, 709, 761
What are the prime factors of 48984?
2, 3, 13, 157
List the prime factors of 108282.
2, 3, 18047
What are the prime factors of 273538?
2, 136769
List the prime factors of 1358854.
2, 7, 31, 101
List the prime factors of 2913259.
2913259
List the prime factors of 545016.
2, 3, 22709
List the prime factors of 191124.
2, 3, 5309
List the prime factors of 11065349.
11065349
List the prime factors of 2064420.
2, 3, 5, 3823
List the prime factors of 570376.
2, 83, 859
What are the prime factors of 8030239?
7, 17, 67481
List the prime factors of 3249941.
17, 191173
What are the prime factors of 330117?
3, 110039
List the prime factors of 18070079.
617, 29287
What are the prime factors of 78377?
13, 6029
List the prime factors of 866495.
5, 7, 19, 1303
List the prime factors of 41892.
2, 3, 3491
What are the prime factors of 683291?
7, 97613
What are the prime factors of 296098?
2, 11, 43, 313
List the prime factors of 2853838.
2, 13, 19, 53, 109
List the prime factors of 1593535.
5, 47, 6781
List the prime factors of 90945.
3, 5, 43, 47
List the prime factors of 2089635.
3, 5, 139309
What are the prime factors of 1644735?
3, 5, 19, 29, 199
List the prime factors of 1124491.
421, 2671
List the prime factors of 801788.
2, 13, 17, 907
What are the prime factors of 18660679?
17, 19, 57773
What are the prime factors of 5781493?
103, 56131
What are the prime factors of 438924?
2, 3, 79, 463
List the prime factors of 163563.
3, 54521
What are the prime factors of 393596?
2, 7, 14057
List the prime factors of 16122255.
3, 5, 193, 5569
What are the prime factors of 499079?
7, 83, 859
What are the prime factors of 481067?
481067
List the prime factors of 38423.
7, 11, 499
List the prime factors of 11126978.
2, 71, 127, 617
What are the prime factors of 50474?
2, 25237
List the prime factors of 2833749.
3, 179, 1759
What are the prime factors of 1492028?
2, 373007
What are the prime factors of 1636668?
2, 3, 11, 4133
What are the prime factors of 620395?
5, 127, 977
What are the prime factors of 12194750?
2, 5, 48779
List the prime factors of 2827256.
2, 157, 2251
What are the prime factors of 31185993?
3, 127, 81853
List the prime factors of 4934813.
13, 19, 19979
What are the prime factors of 7234324?
2, 1808581
List the prime factors of 521352.
2, 3, 13, 557
What are the prime factors of 414080?
2, 5, 647
List the prime factors of 86362.
2, 29, 1489
List the prime factors of 909317.
909317
What are the prime factors of 19368302?
2, 811, 11941
List the prime factors of 3192.
2, 3, 7, 19
List the prime factors of 8281257.
3, 727, 3797
List the prime factors of 3324806.
2, 1662403
List the prime factors of 5801501.
5801501
What are the prime factors of 322835?
5, 64567
What are the prime factors of 1473095?
5, 13, 131, 173
List the prime factors of 1266492.
2, 3, 105541
What are the prime factors of 236106?
2, 3, 13, 1009
List the prime factors of 410383.
410383
List the prime factors of 1696332.
2, 3, 11, 71, 181
What are the prime factors of 1030663?
47, 21929
What are the prime factors of 1636878?
2, 3, 272813
List the prime factors of 12036.
2, 3, 17, 59
What are the prime factors of 1493848?
2, 29, 47, 137
List the prime factors of 95338.
2, 73, 653
What are the prime factors of 3595437?
3, 399493
What are the prime factors of 1918134?
2, 3, 35521
What are the prime factors of 2562118?
2, 13, 98543
List the prime factors of 4797837.
3, 11, 48463
What are the prime factors of 78607?
78607
What are the prime factors of 16212852?
2, 3, 19, 7901
List the prime factors of 55508.
2, 13877
List the prime factors of 217808.
2, 13613
What are the prime factors of 11371705?
5, 2274341
What are the prime factors of 19279942?
2, 11, 461, 1901
What are the prime factors of 29045429?
7, 4149347
What are the prime factors of 121824?
2, 3, 47
List the prime factors of 121620.
2, 3, 5, 2027
What are the prime factors of 1479041?
31, 47711
What are the prime factors of 1912983?
3, 601, 1061
List the prime factors of 1959168.
2, 3, 2551
What are the prime factors of 2040636?
2, 3, 13, 103, 127
What are the prime factors of 2249782?
2, 107, 10513
List the prime factors of 1499260.
2, 5, 7, 1